 what is 4 - -23522?
23526
In base 11, what is -1 - 1864?
-1865
In base 6, what is -35 - -22502?
22423
In base 12, what is 3 - 7001?
-6bba
In base 12, what is -5 - -9123?
911a
In base 9, what is 2 + 4321?
4323
In base 10, what is -36468 - -2?
-36466
In base 11, what is -8 + 62326?
62319
In base 6, what is -2454 - 4?
-2502
In base 2, what is 100 - -111001111011?
111001111111
In base 6, what is 101 + 53402?
53503
In base 5, what is -220 - -401?
131
In base 8, what is 3643 - -20?
3663
In base 9, what is 5 - -282071?
282076
In base 14, what is 4 + -47a1?
-479b
In base 8, what is 3773 + -15?
3756
In base 2, what is -10101110011101110 + 1011?
-10101110011100011
In base 4, what is -1 + 131302231?
131302230
In base 5, what is -234401 - 4?
-234410
In base 8, what is -70 - 136654?
-136744
In base 12, what is -349 - 1139?
-1486
In base 16, what is 1 - -3276?
3277
In base 7, what is -2330 + 336?
-1661
In base 3, what is -1102 + -11021112?
-11022221
In base 15, what is 0 + cb0?
cb0
In base 13, what is -205554 + -3?
-205557
In base 12, what is -178a + -2?
-1790
In base 13, what is -17b9c + 3?
-17b99
In base 12, what is 84 - 4818?
-4754
In base 9, what is 570582 + -3?
570578
In base 11, what is -5 + -3890?
-3895
In base 11, what is 21 + 1176?
1197
In base 15, what is -180c - 19a?
-19a7
In base 8, what is -1 + -171554?
-171555
In base 14, what is 2a5a + -b?
2a4d
In base 3, what is -2210211021 + -112?
-2210211210
In base 2, what is -111101111000 + 11100100011?
-100001010101
In base 15, what is -3 - b002?
-b005
In base 14, what is -1116 - -ab?
-1049
In base 11, what is 10426 - 3?
10423
In base 14, what is -d007 + -8?
-d011
In base 2, what is -1 + 11100010000010?
11100010000001
In base 6, what is -4401142 - 3?
-4401145
In base 15, what is 381db + 4?
381e0
In base 5, what is -101301 - -20?
-101231
In base 6, what is 1224322 - 4?
1224314
In base 14, what is -34 - -5aa?
576
In base 5, what is -302314 + 0?
-302314
In base 10, what is -102724 + 3?
-102721
In base 7, what is 22266 - -26?
22325
In base 9, what is 18 - 7832?
-7813
In base 14, what is 0 + 21c57?
21c57
In base 7, what is -2 + 4054252?
4054250
In base 11, what is -24 + -446?
-46a
In base 9, what is 404 - -118?
523
In base 12, what is -4 - 14250?
-14254
In base 7, what is -256344 - 62?
-256436
In base 9, what is -20 + 12416?
12386
In base 12, what is -29 + -343?
-370
In base 6, what is 42 - 31311?
-31225
In base 14, what is -19 - -2a6?
28b
In base 13, what is 6 + 1079?
1082
In base 15, what is -60 - -7255?
71e5
In base 11, what is -23 + 216a?
2147
In base 14, what is 2a830 - 4?
2a82a
In base 6, what is 10 + 3145212?
3145222
In base 5, what is -42300344 + 1?
-42300343
In base 12, what is -51205 + 1?
-51204
In base 14, what is 7c450 - 0?
7c450
In base 2, what is -10000011101 + 10110100?
-1101101001
In base 3, what is 21 + 211121021?
211121112
In base 12, what is 1 + 273722?
273723
In base 14, what is -4 - -66d13?
66d0d
In base 9, what is 282 + -303?
-11
In base 3, what is 2122201 + -1211201?
211000
In base 11, what is -3a - -2a79?
2a3a
In base 7, what is 33031 - 14?
33014
In base 10, what is -37 - -92?
55
In base 7, what is 11 + -565?
-554
In base 16, what is -120e9e + 5?
-120e99
In base 14, what is 370 - -12?
382
In base 4, what is 1023211 - 2030?
1021121
In base 10, what is 48303 - 1?
48302
In base 9, what is -376 - -81?
-285
In base 11, what is 2008 - 1305?
803
In base 12, what is -17 + -1039?
-1054
In base 2, what is 10000 - 1100000000010?
-1011111110010
In base 10, what is 2192567 - 5?
2192562
In base 14, what is 27 + 280d?
2836
In base 4, what is 1332032 + -2112?
1323320
In base 11, what is -2 + 27758?
27756
In base 14, what is -10c + -461?
-56d
In base 13, what is 3 - 10c62?
-10c5c
In base 6, what is 12111 - 1343?
10324
In base 13, what is 908 + 3?
90b
In base 2, what is -10 - -101000101000?
101000100110
In base 7, what is 11015 - -501?
11516
In base 14, what is -c4c - -1a9?
-a83
In base 2, what is 111001111000 + 0?
111001111000
In base 13, what is 3 + 1373c?
13742
In base 8, what is 65 - 205?
-120
In base 10, what is 9809 + -103?
9706
In base 2, what is 1010000011001100 - -1?
1010000011001101
In base 15, what is -11 - 18de2?
-18e03
In base 12, what is 128 + 218a?
22b6
In base 5, what is -41004 - -1232?
-34222
In base 8, what is 12 + -373731?
-373717
In base 15, what is 1485 - -2?
1487
In base 7, what is -45 - 2151?
-2226
In base 7, what is 0 - -3215?
3215
In base 5, what is 211 + -131?
30
In base 10, what is -19212 + 14?
-19198
In base 7, what is 260623 + -5?
260615
In base 14, what is -2 - -3c72?
3c70
In base 7, what is 5644 + -3?
5641
In base 12, what is -190 + -225?
-3b5
In base 4, what is -101 - 12013133?
-12013300
In base 12, what is -5533 + -5?
-5538
In base 10, what is -5 - -80?
75
In base 2, what is -1 + -100011000011110?
-100011000011111
In base 14, what is b8d2 - 6?
b8ca
In base 16, what is -16a9 + 54?
-1655
In base 12, what is 1332 - 1?
1331
In base 12, what is -7104a + 20?
-7102a
In base 3, what is -10221222210 - -10?
-10221222200
In base 8, what is -421 + -3764?
-4405
In base 9, what is 18 - -44301?
44320
In base 14, what is -4 - -319ac?
319a8
In base 9, what is -105522 - 1?
-105523
In base 10, what is 1 - 6592?
-6591
In base 8, what is 24 - 7475?
-7451
In base 12, what is b - 105840?
-105831
In base 8, what is 0 + -10527?
-10527
In base 2, what is -110100 + 1111110100000?
1111101101100
In base 13, what is -1 - -45104?
45103
In base 10, what is 1431 + 1?
1432
In base 9, what is 35168 - 5?
35163
In base 5, what is -24024433 - 3?
-24024441
In base 14, what is -371db6 + 3?
-371db3
In base 7, what is 5155630 - 0?
5155630
In base 13, what is -56b + -163?
-701
In base 6, what is 1321410 + -1?
1321405
In base 2, what is -111011101 - 100100011?
-1100000000
In base 5, what is 311223200 + -4?
311223141
In base 8, what is -163 - 634?
-1017
In base 7, what is 552141 + -3?
552135
In base 2, what is 11001010011 - 1000011?
11000010000
In base 7, what is 56543 - 3?
56540
In base 14, what is 1 + -7d6b?
-7d6a
In base 14, what is -6 + -5b49?
-5b51
In base 14, what is 67b37 - -3?
67b3a
In base 15, what is -b9b7 + -9?
-b9c1
In base 3, what is 2010200220 - -1?
2010200221
In base 11, what is 27140 - 0?
27140
In base 7, what is -302104 - -4?
-302100
In base 11, what is -3 + -144605?
-144608
In base 9, what is -12603 + 18?
-12574
In base 15, what is 4732 - 4?
472d
In base 13, what is 448cb + -5?
448c6
In base 6, what is -121300 - -13?
-121243
In base 6, what is 1 - 2010552?
-2010551
In base 12, what is 4 - 3638a?
-36386
In base 15, what is 0 + -46ea0?
-46ea0
In base 6, what is -105 + 531133?
531024
In base 9, what is 16387 + -78?
16308
In base 11, what is -343711 + 1?
-343710
In base 14, what is 0 + -9856?
-9856
In base 13, what is 98 - -42c?
4c7
In base 9, what is -30241 + 1?
-30240
In base 3, what is 1 - -21112221?
21112222
In base 7, what is 33621106 - -3?
33621112
In base 10, what is 1708 + 520?
2228
In base 4, what is 10012 + 13321?
23333
In base 2, what is -10000001000100 + 1000?
-10000000111100
In base 4, what is 111202302 - -2?
111202310
In base 11, what is 2 + -18616?
-18614
In base 5, what is -11324 - -1021?
-10303
In base 10, what is -4 - -5030?
5026
In base 3, what is 200220200 - 10220?
200202210
In base 3, what is 11110002 + 12221?
11200000
In base 11, what is -87 - -3073?
2a97
In base 9, what is -34881 + -5?
-34886
In base 2, what is 111 - 100011110?
-100010111
In base 5, what is 1011343 + -14?
1011324
In base 2, what is -11000 - -1111001000?
1110110000
In base 2, what is 101111 + 1110011?
10100010
In base 15, what is 244e4 + -8?
244db
In base 12, what is 47a + 3?
481
In base 16, what is -21a3 + 7?
-219c
In base 9, what is -1 + 5244?
5243
In base 12, what is -8337 - 2?
-8339
In base 6, what is 10345 + 323?
11112
In base 4, what is -122002 + -10?
-122012
In base 14, what is -600d7 - 5?
-600dc
In base 15, what is 4755 + 4e?
47a4
In base 11, what is 1579 + 26?
15a4
In base 14, what is 46 - -3647?
368d
In base 9, what is -3414 + -243?
-3657
In base 16, what is -31e16 + -1a?
-31e30
In base 16, what is -20b - -48?
-1c3
In base 13, what is 11ca60 + 4?
11ca64
In base 8, what is 0 - -1102750?
1102750
In base 15, what is -7a316 + 3?
-7a313
In base 5, what is 241 - 10001?
-4210
In base 12, what is 0 + -a7